= -10 - -7. Let p be 3 + (-1)/((0 - -3) + -2). Let i(l) = p*l + l - l + 2*l + 2*l**2. Determine i(j).
6
Let c(p) = 4*p**3 - 28*p**2 + 17*p + 14. Let z(v) = -v**3 + 9*v**2 - 6*v - 5. Let m(x) = -2*c(x) - 7*z(x). Suppose -2*f = 5*f + 56. Calculate m(f).
7
Let t be 6/45*9*-5. Let l be (6/(-4) + 2)*6. Let u(g) = -5*g**2 + 7*g**l + 9*g**3 - 2*g**2 - 17*g**3 - 5*g. Give u(t).
-6
Let c(y) be the second derivative of y**5/20 - y**4/2 - y**3/6 + y**2 - 58*y - 2. Calculate c(6).
-4
Let w = -19 - -27. Let s(n) = 2*n - 7. Calculate s(w).
9
Suppose 8 = -9*l - 595. Let t = l + 66. Let g(f) = -6*f + 1. Give g(t).
7
Let y(o) = -o**2 - o - 8. Suppose -n + 0*n = 2*n. What is y(n)?
-8
Let k(t) = t**2 + 1. Let u be k(0). Let p(b) = b + 4 + u - 5 - 1. Let j(g) = -g**3 + 7*g**2 - 2*g + 9. Let w be j(7). What is p(w)?
-6
Let t(a) = 10*a**2 - 20*a - 10. Let x(g) = -7*g**2 + 14*g + 7. Let w(c) = 5*t(c) + 7*x(c). Calculate w(4).
7
Let y(c) = -9 + 31 - 11 - 4*c**2 - 9. Determine y(2).
-14
Let a = 45 - 41. Let f(k) = -a*k - 3*k**2 - 5*k + 10*k + 1 - 3*k. Give f(1).
-4
Let b(i) = i**3 - 6*i**2 - 3*i - 20. Let s be b(7). Let q(z) = z**3 - 5*z**2 - 24*z - 1. Give q(s).
-1
Suppose 4*x + 5 = -o - 7, o + 5*x = -15. Let d(z) be the third derivative of 7*z**2 + 0*z + 1/12*z**4 + o + 2/3*z**3. What is d(5)?
14
Let q = 447 - 448. Let h(w) = -7*w**2 + w + 1. What is h(q)?
-7
Suppose t + 70 = 8*t. Suppose -14*m = -t*m + 32. Let v be (6/(-10))/(m/(-40)). Let q(n) = 2*n**2 + n - 1. Determine q(v).
14
Suppose -4*s = -v - 4, 3*s + 5*v - 12 = 14. Let g(q) be the second derivative of 17/6*q**3 + 1/2*q**s + 0 - 8*q. Give g(-1).
-16
Let s(v) = 40*v - 5. Let p(q) = -44*q - 10. Let r(f) = 2*f + 1. Let n(a) = -p(a) - 12*r(a). Let h(o) = 7*n(o) - 3*s(o). Give h(-1).
-19
Let d be (2 - 6)*(0 - 2). Let c(x) = -3*x + x**2 + 3*x**2 - 5*x**2 + d. Let r = -20 - -14. Calculate c(r).
-10
Let j(c) = c + 10. Suppose 2*g + 33 = 13*g. Suppose 0 = -k + 3*i - 6 + 3, 0 = -3*k - g*i - 33. Determine j(k).
1
Suppose g = -16*g + 85. Let y(x) = -x**3 + 6*x**2 - 4*x - 1. What is y(g)?
4
Let j = -1503 + 1507. Let r(u) = -u**3 + 2*u**2 + 8*u + 1. Determine r(j).
1
Let r(i) = -i**3 - 3*i**2 + 3*i - 3. Suppose 5*f - s = -20, -f = -5*f + 5*s - 16. Give r(f).
1
Let n(k) = k - 1. Suppose -6 = -5*a + 4. Let u(p) = -6*p + 4. Let o(d) = a*u(d) + 11*n(d). Suppose 6*x + 24 = -0*x. What is o(x)?
1
Let t be 22/66*(0 + 12). Let a be (-9 - -7)/(t/(-6)). Let w(c) be the first derivative of c**4/4 - 2*c**3/3 - c**2 + 3. Give w(a).
3
Let f(k) be the second derivative of -2*k**2 - k**3 - 17*k - 1/12*k**4 + 0. Determine f(-5).
1
Suppose 0 = 54*u - 861 + 321. Let k(r) = -r**2 + 11*r - 11. Give k(u).
-1
Let h(p) = -30*p + 62*p - 31*p + 2. What is h(6)?
8
Suppose 5*w - n + 17 + 0 = 0, 0 = -5*w + 4*n - 23. Let q(v) = 3*v**2 + 5*v + 3. Determine q(w).
15
Suppose -92 = -2*h - 2*h. Let j = h + -20. Let t(r) = -2 - 1 + j + r. Calculate t(-2).
-2
Suppose -5*p + 4*v - v = 0, -10 = 5*p - 5*v. Let s(t) = 5*t - 9. What is s(p)?
6
Let p(j) be the second derivative of 1/6*j**3 - 1/2*j**2 - 11*j + 1/12*j**4 + 0. Suppose 6 = h + 4*h - 4*k, 2*h + 16 = -3*k. Give p(h).
1
Let y(h) = 6*h - 2*h - 2 - 6*h. Give y(-2).
2
Let x(y) be the first derivative of 5/12*y**4 + 0*y**2 + 1/20*y**5 - 5*y - 3 - 5/6*y**3. Let c(r) be the first derivative of x(r). Give c(-6).
-6
Suppose -2*h = -5*h - 102. Let c be h/(-9) + 6/27. Let g(r) = 4 - 4*r + 3*r - 5 + 3*r. Determine g(c).
7
Suppose a - 25 = -4*x, -2*a = 2*a - 4. Let n(o) be the first derivative of o**3/3 - 3*o**2/2 - 7*o - 5. Calculate n(x).
11
Let g be (-5)/((-3)/1 + 2). Let i(w) = w**3 - 4*w**2 - 6*w + 5. Let q be i(g). Let f(r) = r**3 - r**2 + r - 4. Calculate f(q).
-4
Suppose y + 5 = -0*y. Let t be 0/(0 + -1 + 0). Let c(k) = -k**3 + t*k**2 - 5*k**2 + k + 0*k. What is c(y)?
-5
Let h be 0/(3 - (0 - -4)). Let v(r) = -3*r + 8. Let l(y) = -2*y + 7. Let z = -5 + 1. Let f(d) = z*l(d) + 3*v(d). Determine f(h).
-4
Suppose 2*k - 12 + 2 = 0. Let v(g) be the third derivative of g**6/120 - g**5/15 - g**4/8 + g**3/2 - g**2 + 34. Determine v(k).
13
Let l(c) be the third derivative of -c**5/60 - c**4/24 + 17*c**3/6 + 15*c**2. Let v(g) be the first derivative of l(g). Give v(-1).
1
Let i(b) be the second derivative of b**3/3 - 20*b**2 - 179*b. Determine i(19).
-2
Let j(c) = c**2 - 2*c. Let v be j(3). Let a(p) = -17*p - 1. Let b(x) = -5*x. Let f(k) = -2*a(k) + 7*b(k). Determine f(v).
-1
Let g = 642 + -636. Let n(q) = -q**2 + q - 1. Determine n(g).
-31
Let k(y) = y**3 - 7*y**2 - 8*y + 6. Suppose -s - 3*s + 2 = -3*q, q = 3*s - 4. Suppose 4*v = 5*g + 42, 5*v = 7*v + s*g - 12. Determine k(v).
6
Let h(p) = -409*p**2 + 123*p**2 + 137*p**2 - 2 + 132*p**2 + 2*p. Determine h(1).
-17
Let c(m) = -9*m**3 + 4*m - 3. Let k(q) = 56*q**2 + 7*q - 56*q**2 - 5*q**3 - 13*q**3 - 5. Let y(p) = 5*c(p) - 3*k(p). Determine y(-1).
-8
Let v = -6 + 3. Let u(i) be the third derivative of 5/24*i**4 + 0*i + 0 - 1/3*i**3 + 17*i**2 + 1/60*i**5. Give u(v).
-8
Let x(v) be the second derivative of 0 + 1/3*v**4 + 5/6*v**3 - 1/20*v**5 + 0*v**2 - 27*v. Give x(5).
0
Let k(g) = -19*g - 11 + 7*g + 21*g. Give k(3).
16
Let o(z) = -2*z + 4. Let n(x) = -x**2 + x + 3. Let c be n(0). Let m be 4/c*(-4)/((-8)/9). What is o(m)?
-8
Let k(d) = -8*d**2 + 4 + 147*d + 5*d**3 + 5 - 143*d - 4*d**3. What is k(7)?
-12
Let d be (-1)/(16/(-428)) - 2/(-8). Let v = -28 + d. Let m(b) = 5*b + 1. Determine m(v).
-4
Suppose 11*v - 10 = 9*v. Let q(m) = 4*m - 2 - 5*m + 2*m - 3. Calculate q(v).
0
Let j(s) = -11*s**2 - 29*s - 4. Let f(r) = 4*r**2 + 10*r + 1. Let c(d) = 8*f(d) + 3*j(d). Give c(-7).
-4
Let h be ((-1)/(-2))/(1/6). Let l(a) = 1 + a - 6*a + 0*a - a + a**3 - 3*a**2 + 5*a. Calculate l(h).
-2
Suppose 2*j - 2*k = -78, -4*k = 4*j + 97 + 43. Let i = -38 - j. Let d(b) = -6*b**2 + 2*b + 1. What is d(i)?
-7
Let g(s) = -3*s + 2. Let k(j) = -j**2 - 6*j + 4. Let x be k(-8). Let a be (-10)/(-12)*x/(-2). Suppose -3*n + 5 = -v, 0*v - 7 = -a*n + 3*v. What is g(n)?
-4
Let x(n) be the third derivative of n**6/120 - n**5/20 - 5*n**4/12 - 127*n**2. Give x(5).
0
Suppose -82*y + 80*y = -2. Let w(n) = -22*n**2 - 1. Calculate w(y).
-23
Let x(f) be the third derivative of f**5/60 - f**4/3 + 2*f**3/3 + 1451*f**2. Let l = 11 + -3. Determine x(l).
4
Let n(p) = p**2 + 6*p + 5. Suppose -3*c - 5*a - 9 = 0, -7*c + 4*c - 4*a - 6 = 0. Suppose c = q - 0. Suppose q*r + r + 15 = 0. Calculate n(r).
0
Let r(g) = -3665*g + 14*g**2 + 1839*g + 1837*g + g**3 - 15. Calculate r(-13).
11
Let m(b) = b**3 + 7*b**2 + 8*b + 14. Let a be 30/225*1 + 184/(-30). Determine m(a).
2
Suppose -2*l = -5*f, -l - 3*f - 5 = 6. Let s = l + 5. Let m(d) = -3*d + 6*d + d + s*d. Determine m(2).
8
Let m(i) = -i**3 - 7*i**2 - 10*i + 4. Suppose o - 5*o - 3*z = 35, -4*o + z - 15 = 0. Calculate m(o).
4
Let u(l) = l + 5. Let a(f) = -f**3 - 4*f**2 - 7*f - 25. Let c be a(-4). Give u(c).
8
Suppose 6 = -3*m - 0. Let c(f) be the third derivative of -f**6/120 + f**4/12 - f**3/6 - 2*f**2. Calculate c(m).
3
Let i(p) = p**2 - 3*p + 2. Let s(l) = -2*l**3 - 42*l**2 - 38*l + 43. Let q be s(-20). What is i(q)?
2
Let l be 2 + -3 - (-2 - 0). Let y(t) = 23*t**3 - t**2 - 4*t - 9. Let s(b) = -6*b**3 + b + 2. Let p(c) = -9*s(c) - 2*y(c). Determine p(l).
9
Suppose v - 3*r - 15 = -0*v, -5*v = -3*r - 51. Suppose -4*q - 7 - v = 0. Let y(g) = -3*g - 1. Calculate y(q).
11
Let t = -2759 + 2753. Let x(q) = -q**3 - 5*q**2 + 4*q + 4. What is x(t)?
16
Let i(z) = 5*z + 2. Let n(h) = -h + 3. Let j(x) = i(x) + 3*n(x). Calculate j(-5).
1
Suppose -z + 3*w = 4, -z + 2*z = -w. Let k(a) be the first derivative of -3*a**4/4 + a**2/2 + 87. Calculate k(z).
2
Let m(p) = 12*p. Suppose 0*o = 9*o - 135. Suppose 14 = b + o. Give m(b).
-12
Let i(p) = p**3 - 3*p**2 + 2*p. Suppose 22*l - 42 - 2 = 0. Determine i(l).
0
Let p(w) = -w - 3. Let q(t) = t**2 - 12*t + 10. Let y be q(10). What is p(y)?
7
Let g(x) be the third derivative of -x**4/8 + 4*x**3/3 + 14*x**2. Let h be g(-6). Suppose -24*p = -h*p. Let f(z) = -z + 6. Give f(p).
6
Let v(y) = -3*y**3 - 2*y**2 + 5*y - 6. Let w(a) = 10*a**3 + 5*a**2 - 17*a + 19. Let t(n) = -7*v(n) - 2*w(n). Calculate t(-4).
8
Suppose -3*p - 11*p + 56 = 0. Let u(z) = z**3 - 3*z**2 - 5*z + 2. Give u(p).
-2
Let o be (63/(-18) + 1 + 2)/(-12). Let c(b) be the third derivative of 0 